 b.
2
List the prime factors of (-4)/(-2) - (-88 + -4 + 2).
2, 23
Let v be 100/15 + (-1)/(-3). Let x = v - 3. Let t = x + 4. What are the prime factors of t?
2
Suppose 0 = 5*y - 1 - 9. Suppose 2*s + 38 = 4*f + s, -y*f - 2*s + 24 = 0. List the prime factors of f.
2, 5
Let n(g) = 7*g - 13. What are the prime factors of n(10)?
3, 19
Suppose 14 - 21 = -s. Suppose -8*h + s*h + 18 = 0. List the prime factors of h.
2, 3
Let g(i) = -i**2 - 24*i - 11. List the prime factors of g(-18).
97
Let j be (36 + -1)*12/14. Suppose 0 = -3*q - 2*v + 19, 0 = 4*q - 4*v - 22 - j. What are the prime factors of q?
3
Suppose -7*z - 275 + 1115 = 0. List the prime factors of z.
2, 3, 5
Let f = -100 - -197. List the prime factors of f.
97
Let u(b) = -b**2 + 3. Let q be u(-4). Let w = 18 + q. What are the prime factors of w?
5
Suppose -1 = -r + 18. What are the prime factors of r?
19
Suppose 0*r = 2*r - 28. Suppose a - 6 + 0 = y, -r = -3*a - y. What are the prime factors of a?
5
Suppose 5*z + 14 = 59. Let i(p) = -p**3 + 9*p**2 + p + 12. List the prime factors of i(z).
3, 7
Let z(h) = 4*h + 2. Let m be z(2). Suppose 5 = a - 4*b - 6, -m = -2*a + 4*b. List the prime factors of 1*((6 - 2) + a).
3
Let u be 18 - (-2 + 2) - -2. Suppose -4 + u = 2*m. Let l(x) = -x**3 + 9*x**2 - 6*x - 9. List the prime factors of l(m).
7
Suppose -2*p = i - 121, -3*p - 3*i - i + 169 = 0. List the prime factors of p.
3, 7
Let c = -6 + 14. Let n = c + 0. What are the prime factors of n?
2
Let i(w) = -w + 1. Let k = 9 + -14. What are the prime factors of i(k)?
2, 3
List the prime factors of (-2 + 315/2)/(29/58).
311
Let g be ((-8)/5)/(4/(-50)). Let m = g - -5. What are the prime factors of m?
5
Suppose -n + b = -7, -17 = n - 4*n + b. Let l = n - -7. List the prime factors of l.
2, 3
Let r(z) be the second derivative of 5*z**3/6 + z**2/2 - 9*z. List the prime factors of r(4).
3, 7
Let w be (-1095)/(-9) - (-4)/(-6). Suppose 2*d + 4*o = 44, 0*d - w = -5*d + o. What are the prime factors of d?
2, 3
Suppose 3*n - 5*l = 22, 7*n - 4*l = 3*n + 24. Suppose -13 = -n*b + 3. Suppose 2*i - 2 = z, 7*z = b*z - i + 15. What are the prime factors of z?
2
Let z = 1 - 1. Let b = z + 20. Let n = -9 + b. List the prime factors of n.
11
Let y be (-1 + 4 + -3)/(-1). Let a be 4 + -2 + y/2. Suppose -30 = a*o - 7*o. What are the prime factors of o?
2, 3
Suppose 3*w = 7*w + 5*s - 23, -2 = 2*w - 2*s. Let d be (18 - (-2 + w)) + 0. Suppose -4*f + 5*f - d = 0. List the prime factors of f.
2, 3
Let o(q) = -q**2 + 10*q + 3. Suppose 0*n + 4*n - 36 = 0. List the prime factors of o(n).
2, 3
Let v(d) = d - 4. Let g be v(15). Let l = g - 8. What are the prime factors of l?
3
Suppose -4 = -2*m + 3*m. Let q be 70/m*8/(-10). List the prime factors of (-1)/(-2) + q/4.
2
Let n(z) = -z**2 + 19*z - 22. What are the prime factors of n(7)?
2, 31
Let c(g) = 3*g + 6. Let p(m) = -9*m - 18. Let a(t) = 8*c(t) + 3*p(t). What are the prime factors of a(-5)?
3
Suppose -5*l - 13 = -c, -3*c + 29 = c + 3*l. Let s = 15 - c. List the prime factors of s.
7
Suppose -u - 4*k - 9 = 0, -3*k - 2 - 4 = u. Let g = 1 - u. Let m = 13 + g. What are the prime factors of m?
11
Let d(w) = -w**2 - 13*w. Let f = -23 + -3. Let i = 14 + f. List the prime factors of d(i).
2, 3
Suppose -431 = -4*q + 41. List the prime factors of q.
2, 59
Suppose q = 2*q - 8. Let k(f) = f**3 - 1 + 1 + 3 - 8*f**2 + 2*f. What are the prime factors of k(q)?
19
Let w = 226 - 35. Suppose 47 - w = -4*h. List the prime factors of h.
2, 3
Let s(b) = 8*b**2 - b + 1. Let d be s(2). Let m = -12 + d. Suppose 2*p = 5 + m. List the prime factors of p.
2, 3
Let n(u) = 17*u + 7 - 2 - u. Let g(a) = 33*a + 11. Let f(s) = 5*g(s) - 11*n(s). List the prime factors of f(-1).
11
Let h(y) = -4*y + 64. What are the prime factors of h(7)?
2, 3
Suppose 4*a - 422 = -130. List the prime factors of a.
73
Suppose -4*o + 254 - 70 = 0. Suppose 2 = -2*g - o. Let r = g + 35. List the prime factors of r.
11
Let b(i) = -i**3 + 4*i**2 + 6*i - 2. Let m be b(5). Let f be m/(-2)*4/(-2). List the prime factors of (-24)/(-9)*f*1.
2
Let z(n) = -n**2 + 20*n - 6. What are the prime factors of z(17)?
3, 5
Let p = 2 - -3. Suppose 3*c = -p*z + 87, -z + 42 = -5*c + 187. Suppose -2*q - 5 = -c. What are the prime factors of q?
2, 3
Suppose 3*m + 0*m = 2*c + 760, -5*m + 1240 = 2*c. List the prime factors of m.
2, 5
Let m = 10 - 7. Suppose 0 = -5*q - t + 39, 2*q - m*q = 5*t - 3. List the prime factors of q.
2
Let h(g) = 114*g**3 + g**2 - g - 1. List the prime factors of h(1).
113
Let z be (117/(-2) - -1)*-2. Suppose -2*p - 96 = -3*b + 13, 3*b - 5*p - z = 0. List the prime factors of b.
5, 7
Let b(z) = -10*z + 34. List the prime factors of b(-9).
2, 31
Let j(c) = -c**3 - 8*c**2 - 3*c + 5. What are the prime factors of j(-8)?
29
Let b(l) = -l**2 - l + 8. Let y be b(-6). Let n = 37 + y. What are the prime factors of n?
3, 5
Let y(a) = 7*a + 1. Let m be y(2). Suppose 2*h - 5 = -m. Let j = -2 - h. List the prime factors of j.
3
Let x(t) = t**3 + 4*t**2 - t - 1. Let b be x(-4). Suppose -b*w - 2*o + 17 = 0, 0*w - 15 = -w + 4*o. List the prime factors of w.
7
Suppose 4*i = 8*i - 416. List the prime factors of i.
2, 13
Let w = 78 + -32. What are the prime factors of w?
2, 23
What are the prime factors of 6/8 - (-1575)/28?
3, 19
Let c = 401 - 202. List the prime factors of c.
199
Suppose -5*a + 35 = -3*z, -z + a - 19 = 3*a. Suppose -13 = -4*g + 95. Let n = g + z. What are the prime factors of n?
2, 3
Let h(r) = 1. Let n(p) = p + 3 + p - 3*p. Let x(f) = -3*h(f) + n(f). What are the prime factors of x(-9)?
3
Suppose 21 = 3*t - 0. Suppose t = 5*y - 8. List the prime factors of y.
3
Let m(g) = -g**3 - g**2 + g + 8. Let y be m(0). Let j = -1 + y. Suppose -51 = -4*o - j. List the prime factors of o.
11
Suppose 240 - 45 = 3*b. Suppose 0 = 4*i - b - 31. List the prime factors of i.
2, 3
Suppose -u = -g + 4*g - 75, -2*u + 46 = 2*g. Let v(q) = -q**2 - 9*q + 4. Let s be v(-6). Suppose 3*r - g = s. List the prime factors of r.
2
Suppose 3*i - 5 = c, 5 = 3*c - 2*i - 1. Suppose 3 = g - c. What are the prime factors of g?
7
Let u be 12/66 + (-392)/(-22). Suppose -2*m + 8 = 2*h, 5*h + 3*m - 2 = u. What are the prime factors of h?
2
Suppose 3*d + 3*g - 108 = -0*d, -3*g - 140 = -5*d. What are the prime factors of d?
31
Suppose -2*f - 2*f + 432 = 4*k, -4*f = 0. What are the prime factors of k?
2, 3
List the prime factors of (1*(-24)/18)/(4/(-258)).
2, 43
Suppose -3*v = -6*v. Suppose v = -z + 13. What are the prime factors of z?
13
What are the prime factors of (44/12 + -4)*-156?
2, 13
Suppose -5*t + 580 = 2*p, 5*t - 682 = 3*p - 127. List the prime factors of t.
2, 3, 19
Let s(r) = -3*r**3 + 4*r**3 - 11*r**2 + 5 + 3*r**2. List the prime factors of s(8).
5
Let z = 96 + -30. List the prime factors of z.
2, 3, 11
Let z(r) be the third derivative of -r**5/60 + 5*r**4/24 + 8*r**2. Let a(x) = 5*x**2 + 2*x + 1. Let u be a(-1). List the prime factors of z(u).
2
Let w = 51 + -1. Suppose 0 = -4*y - 5*g + w, -4*g + 1 = 2*y - 21. What are the prime factors of y?
3, 5
Suppose u - 79 = -4*y, -4*y + 3*u + u = -64. List the prime factors of y.
19
Suppose -5*s = -22 - 23. List the prime factors of (-84)/s*3/(-2).
2, 7
Let i(u) = -u + 12. Let q be i(6). Let c(s) = -s**2 + 7*s + 2. Let x be c(q). Suppose 3*a - a = x. What are the prime factors of a?
2
Suppose 31 = 5*p - 44. Let i(j) = 2*j - 19. List the prime factors of i(p).
11
Suppose -v + 2*g + 3*g + 53 = 0, -v + 29 = g. What are the prime factors of v?
3, 11
Let u = -2 - -16. Let m be u/((-1)/((-6)/4)). Suppose -4*a - 5*q + 31 = -6, -3*a + 3*q = -m. What are the prime factors of a?
2
Suppose -4*c + 3*b = -7, 5*c - c = b + 5. Suppose -c = 5*o - 11. Suppose -2*l + 4*l = -3*u - 11, o*l + 4*u + 16 = 0. List the prime factors of l.
2
Suppose -3*n = 2*n + 5, -3*s + 18 = -3*n. Suppose -2*f - g = 0, 4*f + 0*f = s*g + 28. Suppose -36 = -f*c - c - 5*v, 4*v - 12 = 0. List the prime factors of c.
7
Let a be (0 - -42) + (0 - 0). Suppose -a = -o - 2*o. List the prime factors of o.
2, 7
Let o(b) = b**3 - 2*b**2 - 6*b + 12. Let t = -21 - -26. What are the prime factors of o(t)?
3, 19
Suppose 5*l = 3*o - 337, -6*o - l = -o - 571. What are the prime factors of o?
2, 3, 19
Suppose 0*h + 3*h - 354 = 4*a, 2*a + 576 = 5*h. What are the prime factors of h?
2, 3, 1